derivative of 2*l**4/3 - l**3/6 - 11*l - 3. Let q(c) be the first derivative of x(c). What is q(-1)?
9
Let f be (-3)/4*(15 - 19). Let w(l) = -l**2 + l. Calculate w(f).
-6
Let g be 6/(-51) + (-784)/272. Let n(k) = -k**3 - k**2 - 1 + k - 2*k**2 - 3*k + 2. Determine n(g).
7
Let t(y) = -18*y - 17*y + 31*y. Calculate t(-1).
4
Let n(w) be the third derivative of w**6/120 - w**5/12 + 5*w**4/24 - w**3/2 - 2*w**2. Let r = 1 - -1. Let u be r + (-4 - -2 - -3). Determine n(u).
-6
Let h(v) be the second derivative of 3*v + 0 + 5/6*v**3 - v**2 - 1/6*v**4. Suppose 2*s - 5*s = -9. Give h(s).
-5
Let j(t) = 16*t + 5. Let y(k) = -9*k - 3. Let q(n) = -3*j(n) - 5*y(n). Calculate q(-1).
3
Let n(u) = 86*u**3 - 14*u**2 - 22*u. Let w(q) = -29*q**3 + 5*q**2 + 8*q. Let p(m) = 4*n(m) + 11*w(m). Calculate p(-1).
-26
Let c(w) be the second derivative of w**6/360 + w**5/120 - 11*w**4/24 - w**3/3 + 10*w. Let x(h) be the second derivative of c(h). Give x(0).
-11
Let t(m) = -m**3 + 5*m**2 - 2*m - 5. Suppose 0 = -6*x - 271 + 289. Give t(x).
7
Let f(g) be the first derivative of -g**4/2 + 4*g**3/3 + 5*g**2 + g - 16. Let v(u) = 3*u**3 - 6*u**2 - 15*u - 1. Let w(c) = 7*f(c) + 5*v(c). Give w(3).
-4
Let n(h) = -2*h + 1. Let c(s) = 3*s - 2. Let d(u) = 2*c(u) + 5*n(u). Calculate d(6).
-23
Let c(i) = 3 + 36*i + 29*i - 101*i + 35*i - 4. Determine c(12).
-13
Let b(o) be the first derivative of 4*o**2 - 3*o**2 + 184 - 169 - o. Give b(-5).
-11
Let m(v) = 8*v**3 - 6*v**2 + v + 6. Let p(y) = -8*y**3 + 5*y**2 - y - 5. Let i(j) = 2*j**2 - 10*j - 7. Let b be i(6). Let h(d) = b*m(d) + 6*p(d). What is h(-1)?
9
Suppose -3*b = -35 + 38. Let p(x) = -x**2 + 2*x - 1. Let y(l) = 3*l**2 - 7*l + 1. Let w(c) = b*y(c) - 4*p(c). Give w(0).
3
Let x(v) = -6*v**2 - 2*v - 2. Suppose -4*w + 3*t - 23 - 12 = 0, t = 3*w + 20. Let d(q) = 5*q**2 + 2*q + 1. Let g(m) = w*d(m) - 4*x(m). Determine g(-3).
0
Let i(x) = -397*x**2 - 857 + 398*x**2 + 863 - 8*x. Let b(s) = 2*s + 3. Let q be b(-2). Let g be (10/(-6))/(q/3). What is i(g)?
-9
Let z(u) = -u**3 - 11*u**2 - 3. Let b be 4/(-12)*((4 - 5) + 34). Calculate z(b).
-3
Let m(w) = -53*w. Let i(s) = -66*s. Let r(k) = 4*i(k) - 5*m(k). Determine r(0).
0
Suppose -12*b + 1 = -11*b. Let y(h) = 11*h - 11*h - 3 + b + 9*h. Calculate y(2).
16
Let o(c) = -2*c + 14. Let r be (((-432)/30)/(-12))/((-2)/(-20)). Give o(r).
-10
Let o be 3/(-3)*-17 - -3. Suppose 7*i = 12*i - o. Let m(c) = 4 - 4*c + i*c + c. Calculate m(-5).
-1
Let b(x) = -x**2 + 5*x + 8. Suppose -20*m + g = -24*m + 26, -1 = -m - 3*g. Calculate b(m).
-6
Let k(i) = i**3 + 12*i**2 + 8*i - 16. Suppose -8*m + 4*h = -6*m + 2, -9 = -m + 4*h. What is k(m)?
17
Suppose 7*c + 48 = -50. Let t = -14 - c. Let a(r) = r - 9. Give a(t).
-9
Let m(a) = -a - 8. Let v(b) be the second derivative of b**3/6 + b**2/2 - 4*b. Let j be v(-6). Give m(j).
-3
Let p = -40 - -42. Suppose 10 = 4*o + o - 5*k, -8 = -p*k. Let d(b) = 6 - 2 + 5*b**2 + 5*b + 2 - b**3. What is d(o)?
0
Let f(b) = -2*b**3 + b**2 - 1. Let q(k) = 2*k**3 - 3*k**2 - k + 4. Let n(y) = 4*f(y) + q(y). Suppose 3*w = -2*w + 5. Calculate n(w).
-6
Suppose 16*v = -4*v - 0*v. Let q(b) be the second derivative of -5/2*b**2 + v - 1/2*b**3 + b. What is q(-6)?
13
Let y(m) = -m**3 + 9*m**2 - 7*m - 6. Let x(i) = 5*i**2 - 3*i - 6. Let v be x(2). What is y(v)?
2
Let k = 36 - 33. Suppose n + j = -3 - 3, n + k*j = -16. Let m(s) = 5*s. Give m(n).
-5
Let d(n) = n + 1. Let m be d(0). Let u(a) be the first derivative of -a + 9/2*a**2 - 10. Determine u(m).
8
Suppose 4*m = 5*v - v, 5*m + v - 6 = 0. Let w(g) = -g**3 - g**2 + g. Let j(y) = -4*y**3 - 2*y**2 + y + 1. Let r(l) = m*j(l) - 5*w(l). Calculate r(-3).
13
Suppose -19 + 4 = h + 4*m, -3*h + 5*m = -6. Let t(a) = -2*a**3 - 2*a**2 - 3*a + 2. Give t(h).
47
Let o(t) = -4*t**3 - 65*t**2 + 2*t + 283. Let k be o(-16). Let j(z) = -z - 5 - 2*z + 0*z. Give j(k).
10
Let j(m) = -10*m + 231. Let a be j(24). Let q(y) = y**3 - 7 + 8*y**2 - 2 + 0*y**2 - 4 - 11*y. Determine q(a).
5
Let y(c) = -c**3 + c**2 + c - 5. Let n be 3 + 1 + 24 + 2. Let h = n + -30. Determine y(h).
-5
Let a(c) = -c**3 + 3*c**2 + c - 1. Suppose 4*o - 23 = 3*u, -3*o + 23 = -u + 7. What is a(o)?
-46
Let f be (3 - -1) + (-1)/(2/6). Let j(u) = -4*u + f - 100*u**2 + 4*u + 92*u**2. Determine j(1).
-7
Let l(z) be the third derivative of z**4/12 + 2*z**3 - 2*z**2 - 1279*z. Let q be (-8*1)/(1 + 0). What is l(q)?
-4
Let m(p) = p**2 - p. Let d be m(3). Let i(o) = -2*o + d*o**2 - 2*o**3 + o**3 - 5 + 0*o**3. Let j be 3 - 3*(-6)/9. Calculate i(j).
10
Let c(m) be the third derivative of -m**5/30 + m**4/6 + m**3/6 + m**2. Let j be 14/28*16 + -5. Determine c(j).
-5
Let z be (-2)/4 + 0 - 26/(-52). Let s(d) be the first derivative of d**4/4 + 4*d - 58. Calculate s(z).
4
Let o(p) = p**2 + 15*p + 11. Let t be o(-14). Let h(g) = -g**3 - g**2 + 4. Calculate h(t).
22
Let q(v) be the first derivative of -v**4/4 - 4*v**3/3 + 5*v**2/2 + 5*v + 159. Calculate q(-5).
5
Let u(z) = 0*z**2 + 5*z**2 + 3*z**2 - 7*z**2 + 8 - 2*z**2. Calculate u(0).
8
Let f(v) = -v**2 - v. Let d(b) = 6*b**2 + 7*b + 1. Let t(n) = 10*n**3 + n**2 - n - 2. Let o be t(-1). Let y(k) = o*f(k) - 2*d(k). What is y(-3)?
-8
Suppose -4*v - 15 = v. Let j be (-9 + 12)/(3/2). Let m(u) = 2 + 0*u**2 + u**j + 6*u - 2*u. Calculate m(v).
-1
Let d(y) = -3*y. Let i(b) = b. Let k(g) = -6*d(g) - 17*i(g). Let j(n) = -4*n + 1. Let s(w) = j(w) + 2*k(w). Let v = 2 + -3. Calculate s(v).
3
Suppose 0 = 10*g + 97*g + 94 + 1083. Let m(q) be the first derivative of -q**3/3 - 9*q**2/2 + 16*q + 1. Calculate m(g).
-6
Let q(t) = -143*t - 55. Let f(m) = -8*m - 3. Suppose d = 4*d + 165. Let l(r) = d*f(r) + 3*q(r). Give l(-1).
-11
Suppose -2*c + 0*c + 3*g + 27 = 0, -3*g = -3*c + 36. Let j(y) = c - 4*y + 2*y - 6. Give j(-3).
9
Let f(k) = -4*k**2. Let d be (-2)/(-10)*(1 - 6)/(-1). Determine f(d).
-4
Let h(r) = 4*r - 5*r - 4 + 13 + 4. Give h(10).
3
Let s(l) = l**2 - 7*l - 5. Let f(o) = -2*o**2 + 6*o + 4. Let h(u) = 2*f(u) + 3*s(u). Let z = -43 + 29. Let a = z - -8. What is h(a)?
11
Let s be 80/(-15)*(-6)/4. Let x(f) = -s*f**2 + 1 - 63*f + f**3 - 63*f + 135*f. Determine x(7).
15
Let q(c) be the second derivative of -c**5/20 - c**4/3 + 2*c**3/3 + 2*c**2 - 26*c. Let f(s) = -5*s**2 - s. Let i be f(-1). Give q(i).
-12
Let t(p) = -7*p**2 - 6*p**2 - 550533 + 550521 + p**3 + 16*p. Calculate t(12).
36
Let s(t) = t - 16. Suppose 4*f = 85 + 39. Let a = -20 + f. Give s(a).
-5
Let b(r) = -r + 1. Let t(g) = -5*g - 8. Let a(s) = -6*b(s) + t(s). Give a(11).
-3
Let j be (-4)/(-22) - 48/22. Let l be (j - 1) + 0 + -1. Let i(z) = z**3 - 5 + 4 + 2*z**2 + 4 - 5*z. What is i(l)?
-9
Let d(j) = -j**2 - 8*j - 4. Suppose -5*n = -4*i - 44, 71*n - 76*n + 20 = 0. What is d(i)?
8
Let z be ((-30)/(-25))/(0 + (-4)/(-10)). Let q(g) = 5*g + z + 9*g - 17*g. Calculate q(5).
-12
Let j(k) = k**2 - 6*k + k + 18 + 12*k - 17. Calculate j(-7).
1
Let c(h) be the third derivative of -h**5/40 + 5*h**4/24 - h**3/2 - 4*h**2. Let d(i) be the first derivative of c(i). Let a = 31 - 26. Give d(a).
-10
Let d(f) = 0 - 42 + 6*f + 43. What is d(5)?
31
Let q(p) = -p**3 - 3*p**2 + 6*p + 3. Suppose 3 = -3*f + 12. Suppose -5*h = -10, -f*h = -y - 5*h. Calculate q(y).
-5
Let r = -174 - -171. Let c(p) be the first derivative of -p**2/2 + 4. Give c(r).
3
Let g(n) = -26*n**3 + 2*n**2 - 1. Suppose -5*s + 7 = -4*r, -s - s + r + 1 = 0. What is g(s)?
27
Suppose u - b = -2*b - 54, 2*b = -3*u - 167. Let d = u + 61. Let m(o) = o**2 + o + 2. Give m(d).
8
Let v(r) = 2*r + 12. Let i be -4 - 12/4*1. Determine v(i).
-2
Let u(f) = -f**2 + 10*f - 16. Suppose -74*q + 306 = -508. Calculate u(q).
-27
Let v be 2 + (-1 - -3) + -2. Let o(h) be the first derivative of 1/2*h**2 + 2*h - 2/3*h**3 + 25. Calculate o(v).
-4
Let o be 15/(-2)*(-2)/3. Suppose 2*l - 4*w = 16, -2*l - 5*w = l + 9. Let t(r) = 5 - 14*r**3 + 4*r**l + 13*r**3 + 1 + 3*r. What is t(o)?
-4
Let x be (-33)/(-9) + (-1)/(-3). Let p = -983 - -975. Let q be (p/(-16))/((-2)/x). Let h(y) = 10*y. What is h(q)?
-10
Let k(z) be the third derivative of -3*z**2 - 1/120*z**6 + 1/2*z**3 - 1/8*z**4 + 0 + 0*z - 1/12*z**5. Give k(-4).
-1
Let z(f) = -f**3 - 8*f**2 + 6*f - 9. Let j be (-3)/(-6) - 76/8. Calculate z(j).
18
Let d(l) be the third derivative of -l**8/6720 + l**7/630 + 7*l**6/720 - l**5/60 - 11*l**4/24 - 6*l**2. Let q(h) be 